{"id":716,"date":"2023-10-20T16:50:44","date_gmt":"2023-10-20T19:50:44","guid":{"rendered":"https:\/\/liketec.com.br\/site\/produto\/gabinete-storm-copy\/"},"modified":"2023-10-20T21:44:03","modified_gmt":"2023-10-20T21:44:03","slug":"gabinete-cycle","status":"publish","type":"product","link":"https:\/\/liketec.com.br\/site\/produto\/gabinete-cycle\/","title":{"rendered":"GABINETE CYCLE"},"content":{"rendered":"","protected":false},"excerpt":{"rendered":"<p>Voc\u00ea merece um gabinete que seja t\u00e3o excepcional quanto o seu setup gamer. O Liketec Cycle \u00e9 mais do que apenas um gabinete; \u00e9 a pe\u00e7a central que d\u00e1 vida ao seu espa\u00e7o. Compacto, mas poderoso, este gabinete foi projetado para ser o destaque do seu ambiente gamer.<\/p>\n","protected":false},"featured_media":727,"comment_status":"open","ping_status":"closed","template":"","meta":{"om_disable_all_campaigns":false,"_monsterinsights_skip_tracking":false,"_monsterinsights_sitenote_active":false,"_monsterinsights_sitenote_note":"","_monsterinsights_sitenote_category":0,"_uf_show_specific_survey":0,"_uf_disable_surveys":false},"product_cat":[15,35,32],"product_tag":[],"aioseo_notices":[],"_links":{"self":[{"href":"https:\/\/liketec.com.br\/site\/wp-json\/wp\/v2\/product\/716"}],"collection":[{"href":"https:\/\/liketec.com.br\/site\/wp-json\/wp\/v2\/product"}],"about":[{"href":"https:\/\/liketec.com.br\/site\/wp-json\/wp\/v2\/types\/product"}],"replies":[{"embeddable":true,"href":"https:\/\/liketec.com.br\/site\/wp-json\/wp\/v2\/comments?post=716"}],"wp:featuredmedia":[{"embeddable":true,"href":"https:\/\/liketec.com.br\/site\/wp-json\/wp\/v2\/media\/727"}],"wp:attachment":[{"href":"https:\/\/liketec.com.br\/site\/wp-json\/wp\/v2\/media?parent=716"}],"wp:term":[{"taxonomy":"product_cat","embeddable":true,"href":"https:\/\/liketec.com.br\/site\/wp-json\/wp\/v2\/product_cat?post=716"},{"taxonomy":"product_tag","embeddable":true,"href":"https:\/\/liketec.com.br\/site\/wp-json\/wp\/v2\/product_tag?post=716"}],"curies":[{"name":"wp","href":"https:\/\/api.w.org\/{rel}","templated":true}]}}