{"id":462,"date":"2023-09-28T17:22:31","date_gmt":"2023-09-28T20:22:31","guid":{"rendered":"http:\/\/localhost\/liketecstore\/produto\/kit-3x-fan-flash-2-copy\/"},"modified":"2023-10-12T23:51:23","modified_gmt":"2023-10-13T02:51:23","slug":"kit-3x-fan-flash-2-copy","status":"publish","type":"product","link":"https:\/\/liketec.com.br\/site\/produto\/kit-3x-fan-flash-2-copy\/","title":{"rendered":"COOLER BREEZE UNIVERSAL"},"content":{"rendered":"","protected":false},"excerpt":{"rendered":"<p>Voc\u00ea procura uma solu\u00e7\u00e3o de resfriamento vers\u00e1til e eficaz para o seu PC? Conhe\u00e7a o Air Cooler Breeze (Part. Number: ACB-01-RGB), uma escolha inteligente para entusiastas de AMD e Intel. Com dimens\u00f5es compactas de 120 mm x 65 mm (A), este cooler se encaixa perfeitamente no seu sistema. O ventilador de 120 mm x 25 mm (A) opera a 1500 rpm \u00b1 10% com um rolamento hidr\u00e1ulico de alta qualidade, garantindo efici\u00eancia e baixo ru\u00eddo de opera\u00e7\u00e3o, com apenas 22 dBA \u00b1 10%.<\/p>\n<p>Compat\u00edvel com uma ampla gama de soquetes, incluindo LGA<br \/>\nINTEL: 1151\/1155\/1156\/1150\/775<br \/>\nAMD: AM4\/AMD4+\/AM3+\/AM3\/AM3\/AM2+\/AM2\/FM2+\/FM2\/FM1<\/p>\n","protected":false},"featured_media":607,"comment_status":"open","ping_status":"closed","template":"","meta":{"om_disable_all_campaigns":false,"_monsterinsights_skip_tracking":false,"_monsterinsights_sitenote_active":false,"_monsterinsights_sitenote_note":"","_monsterinsights_sitenote_category":0,"_uf_show_specific_survey":0,"_uf_disable_surveys":false},"product_cat":[38,17],"product_tag":[],"aioseo_notices":[],"_links":{"self":[{"href":"https:\/\/liketec.com.br\/site\/wp-json\/wp\/v2\/product\/462"}],"collection":[{"href":"https:\/\/liketec.com.br\/site\/wp-json\/wp\/v2\/product"}],"about":[{"href":"https:\/\/liketec.com.br\/site\/wp-json\/wp\/v2\/types\/product"}],"replies":[{"embeddable":true,"href":"https:\/\/liketec.com.br\/site\/wp-json\/wp\/v2\/comments?post=462"}],"wp:featuredmedia":[{"embeddable":true,"href":"https:\/\/liketec.com.br\/site\/wp-json\/wp\/v2\/media\/607"}],"wp:attachment":[{"href":"https:\/\/liketec.com.br\/site\/wp-json\/wp\/v2\/media?parent=462"}],"wp:term":[{"taxonomy":"product_cat","embeddable":true,"href":"https:\/\/liketec.com.br\/site\/wp-json\/wp\/v2\/product_cat?post=462"},{"taxonomy":"product_tag","embeddable":true,"href":"https:\/\/liketec.com.br\/site\/wp-json\/wp\/v2\/product_tag?post=462"}],"curies":[{"name":"wp","href":"https:\/\/api.w.org\/{rel}","templated":true}]}}