{"id":429,"date":"2023-09-28T13:34:47","date_gmt":"2023-09-28T16:34:47","guid":{"rendered":"http:\/\/localhost\/liketecstore\/?post_type=product&#038;p=429"},"modified":"2023-12-21T18:34:05","modified_gmt":"2023-12-21T18:34:05","slug":"kit-4x-fan-flash-2","status":"publish","type":"product","link":"https:\/\/liketec.com.br\/site\/produto\/kit-4x-fan-flash-2\/","title":{"rendered":"KIT 4X FAN FLASH"},"content":{"rendered":"","protected":false},"excerpt":{"rendered":"<p><span class=\"wixui-rich-text__text\">Apresentamos o Kit 4x Fan Liketec Flash RGB, uma solu\u00e7\u00e3o completa para melhorar o resfriamento do seu sistema. Com tr\u00eas fans RGB inclu\u00eddos, esse kit oferece uma ilumina\u00e7\u00e3o vibrante e personaliz\u00e1vel para adicionar estilo ao seu PC. <\/span><\/p>\n","protected":false},"featured_media":644,"comment_status":"open","ping_status":"closed","template":"","meta":{"om_disable_all_campaigns":false,"_monsterinsights_skip_tracking":false,"_monsterinsights_sitenote_active":false,"_monsterinsights_sitenote_note":"","_monsterinsights_sitenote_category":0,"_uf_show_specific_survey":0,"_uf_disable_surveys":false},"product_cat":[37,40,17],"product_tag":[],"aioseo_notices":[],"_links":{"self":[{"href":"https:\/\/liketec.com.br\/site\/wp-json\/wp\/v2\/product\/429"}],"collection":[{"href":"https:\/\/liketec.com.br\/site\/wp-json\/wp\/v2\/product"}],"about":[{"href":"https:\/\/liketec.com.br\/site\/wp-json\/wp\/v2\/types\/product"}],"replies":[{"embeddable":true,"href":"https:\/\/liketec.com.br\/site\/wp-json\/wp\/v2\/comments?post=429"}],"wp:featuredmedia":[{"embeddable":true,"href":"https:\/\/liketec.com.br\/site\/wp-json\/wp\/v2\/media\/644"}],"wp:attachment":[{"href":"https:\/\/liketec.com.br\/site\/wp-json\/wp\/v2\/media?parent=429"}],"wp:term":[{"taxonomy":"product_cat","embeddable":true,"href":"https:\/\/liketec.com.br\/site\/wp-json\/wp\/v2\/product_cat?post=429"},{"taxonomy":"product_tag","embeddable":true,"href":"https:\/\/liketec.com.br\/site\/wp-json\/wp\/v2\/product_tag?post=429"}],"curies":[{"name":"wp","href":"https:\/\/api.w.org\/{rel}","templated":true}]}}